{"id":20,"date":"2019-07-23T15:01:36","date_gmt":"2019-07-23T15:01:36","guid":{"rendered":"http:\/\/uniship.ma\/?page_id=20"},"modified":"2019-09-11T10:50:32","modified_gmt":"2019-09-11T10:50:32","slug":"accueil","status":"publish","type":"page","link":"https:\/\/uniship.ma\/","title":{"rendered":"Accueil"},"content":{"rendered":"<h2 contenteditable=\"true\" data-elementor-setting-key=\"title\" data-pen-placeholder=\"Type Here...\">Grace \u00e0 ses 25 ans d&rsquo;exp\u00e9rience, Uniship vous accompagne dans tous vos d\u00e9fis logistiques\u200b<\/h2>\n<h2>Nos services<\/h2>\n<p>\t\t\t\t<svg xmlns=\"http:\/\/www.w3.org\/2000\/svg\" xmlns:xlink=\"http:\/\/www.w3.org\/1999\/xlink\" id=\"Capa_1\" x=\"0px\" y=\"0px\" width=\"45.797px\" height=\"45.797px\" viewBox=\"0 0 45.797 45.797\" style=\"enable-background:new 0 0 45.797 45.797;\" xml:space=\"preserve\">\n<g>\n\t<g>\n\t\t<path d=\"M3.599,31.133h3.53v4.346c0,0.699,0.557,1.256,1.256,1.256h2.214c0.699,0,1.295-0.559,1.295-1.256v-4.346H28.95v4.346    c0,0.699,0.565,1.256,1.266,1.256h2.214c0.699,0,1.286-0.559,1.286-1.256v-4.346h3.5c1.201,0,2.187-0.979,2.187-2.18v-3.244    c0-1.201-0.984-2.185-2.187-2.185h-2.832v-5.496l9.269-3.286c0.742-0.263,1.135-1.078,0.871-1.818    c-0.262-0.741-1.084-1.129-1.826-0.865l-8.313,2.948v-0.212c0-1.201-0.95-2.138-2.151-2.138h-8.938    c-1.201,0-2.203,0.937-2.203,2.138v8.731h-2.547l-5.89-17.056h0.177c0.699,0,1.236-0.562,1.236-1.261V2.045    c0-0.699-0.537-1.261-1.236-1.261H9.564c-0.699,0-1.265,0.562-1.265,1.261v3.164c0,0.699,0.566,1.261,1.265,1.261h0.125    L3.845,23.526H3.599c-1.201,0-2.155,0.984-2.155,2.186v3.244C1.443,30.156,2.397,31.133,3.599,31.133z M11.176,10.95l2.06,5.971    H9.132L11.176,10.95z M8.158,19.764h6.06l1.31,3.762h-8.67L8.158,19.764z\"><\/path>\n\t\t<path d=\"M1.424,40.833h35.12c0.787,0,1.424-0.635,1.424-1.422c0-0.785-0.637-1.421-1.424-1.421H1.424    C0.637,37.99,0,38.625,0,39.411C0,40.198,0.637,40.833,1.424,40.833z\"><\/path>\n\t\t<path d=\"M14.238,42.086H1.424C0.637,42.086,0,42.764,0,43.549c0,0.787,0.637,1.464,1.424,1.464h12.814    c0.787,0,1.424-0.677,1.424-1.464C15.662,42.764,15.024,42.086,14.238,42.086z\"><\/path>\n\t\t<path d=\"M44.375,42.086H20.012c-0.787,0-1.424,0.678-1.424,1.463c0,0.787,0.637,1.464,1.424,1.464h24.362    c0.786,0,1.423-0.677,1.423-1.464C45.798,42.764,45.161,42.086,44.375,42.086z\"><\/path>\n\t<\/g>\n<\/g>\n<g>\n<\/g>\n<g>\n<\/g>\n<g>\n<\/g>\n<g>\n<\/g>\n<g>\n<\/g>\n<g>\n<\/g>\n<g>\n<\/g>\n<g>\n<\/g>\n<g>\n<\/g>\n<g>\n<\/g>\n<g>\n<\/g>\n<g>\n<\/g>\n<g>\n<\/g>\n<g>\n<\/g>\n<g>\n<\/g>\n<\/svg>\t\t\t\t<\/p>\n<h3>\n\t\t\t\t\tConsignation de navires<br \/>\n\t\t\t\t<\/h3>\n<p>Nous agissons en tant qu&rsquo;agent au port de Casablanca, Jorf Lasfar, Asfi, Tanger ainsi que la plupart des ports marocains<\/p>\n<p>\t\t\t\t<svg xmlns=\"http:\/\/www.w3.org\/2000\/svg\" xmlns:xlink=\"http:\/\/www.w3.org\/1999\/xlink\" id=\"Capa_1\" x=\"0px\" y=\"0px\" width=\"30.932px\" height=\"30.932px\" viewBox=\"0 0 30.932 30.932\" style=\"enable-background:new 0 0 30.932 30.932;\" xml:space=\"preserve\">\n<g>\n\t<g>\n\t\t<g>\n\t\t\t<path d=\"M19.382,17.562l-0.005,1.053v0.012H0.532v1.725c0,0,2.318,5.694,2.332,5.795c0.729-0.66,2.291-1.679,4.262-0.649     c0.892,0.465,1.96,0.463,2.849-0.009c0.83-0.44,1.987-0.693,3.333,0.01c0.893,0.466,1.959,0.462,2.849-0.01     c0.83-0.44,1.988-0.692,3.333,0.011c0.893,0.466,1.957,0.462,2.848-0.011c0.998-0.528,2.47-0.785,4.174,0.563l4.42-8.489H19.382     L19.382,17.562z\"><\/path>\n\t\t<\/g>\n\t\t<g>\n\t\t\t<path d=\"M1.596,18.094H6.92v-6.92l1.324-1.065H4.258V8.564h1.377V7.943H4.258V4.785H3.726v3.159H2.35v0.621h1.376v1.544H0v1.065     h1.597L1.596,18.094L1.596,18.094z M4.227,11.941h1.732v1.59H4.227V11.941z M4.227,14.489h1.732v1.589H4.227V14.489z\"><\/path>\n\t\t<\/g>\n\t\t<g>\n\t\t\t<rect x=\"7.852\" y=\"13.531\" width=\"10.958\" height=\"4.563\"><\/rect>\n\t\t<\/g>\n\t\t<g>\n\t\t\t<rect x=\"19.38\" y=\"12.431\" width=\"10.959\" height=\"4.563\"><\/rect>\n\t\t<\/g>\n\t\t<g>\n\t\t\t<rect x=\"14.867\" y=\"8.4\" width=\"3.946\" height=\"4.563\"><\/rect>\n\t\t<\/g>\n\t\t<g>\n\t\t\t<rect x=\"10.175\" y=\"10.404\" width=\"3.946\" height=\"2.56\"><\/rect>\n\t\t<\/g>\n\t\t<g>\n\t\t\t<rect x=\"10.175\" y=\"7.276\" width=\"3.946\" height=\"2.56\"><\/rect>\n\t\t<\/g>\n\t\t<g>\n\t\t\t<rect x=\"19.38\" y=\"6.176\" width=\"3.944\" height=\"2.56\"><\/rect>\n\t\t<\/g>\n\t\t<g>\n\t\t\t<rect x=\"19.38\" y=\"9.304\" width=\"8.416\" height=\"2.56\"><\/rect>\n\t\t<\/g>\n\t<\/g>\n<\/g>\n<g>\n<\/g>\n<g>\n<\/g>\n<g>\n<\/g>\n<g>\n<\/g>\n<g>\n<\/g>\n<g>\n<\/g>\n<g>\n<\/g>\n<g>\n<\/g>\n<g>\n<\/g>\n<g>\n<\/g>\n<g>\n<\/g>\n<g>\n<\/g>\n<g>\n<\/g>\n<g>\n<\/g>\n<g>\n<\/g>\n<\/svg>\t\t\t\t<\/p>\n<h3>\n\t\t\t\t\tFreight Forwarding<br \/>\n\t\t\t\t<\/h3>\n<p>Nous n\u00e9gocions au meilleur prix vos frets de conteneurs aupr\u00e8s de nos partenaires<\/p>\n<h3>\n\t\t\t\t\tAffr\u00e8tement<br \/>\n\t\t\t\t<\/h3>\n<p>Nous vous accompagnons dans vos op\u00e9rations d&rsquo;affr\u00e8tement \u00e0 l&rsquo;import ou \u00e0 l&rsquo;export sur des navires general cargos<\/p>\n<h3>\n\t\t\t\t\tProtective Agency<br \/>\n\t\t\t\t<\/h3>\n<p>Uniship intervient \u00e9galement en tant que protective agent pour les armateurs aux ports de Casablanca et Jorf Lasfar<\/p>\n<h2>Nous contacter:<\/h2>\n<p><strong>T\u00e9l\u00e9phone:<\/strong> \u00a005.22.27.67.87 \u00a0\/ \u00a005.22.27.68.24 \u00a0\/ \u00a005.22.22.18.93<\/p>\n<p><strong>Mail:<\/strong> uniship@uniship.ma<\/p>\n<p><strong>Adresse:<\/strong> 45 Avenue Hassan 2 &#8211; Casablanca<\/p>\n<p>\t\t\t\t\t\t\t\t\t\t<img loading=\"lazy\" width=\"300\" height=\"300\" src=\"http:\/\/uniship.ma\/wp-content\/uploads\/2019\/07\/logo-uniship-png-300x300.png\" alt=\"site-icon\" srcset=\"http:\/\/uniship.ma\/wp-content\/uploads\/2019\/07\/logo-uniship-png-300x300.png 300w, http:\/\/uniship.ma\/wp-content\/uploads\/2019\/07\/logo-uniship-png-150x150.png 150w, http:\/\/uniship.ma\/wp-content\/uploads\/2019\/07\/logo-uniship-png-768x768.png 768w, http:\/\/uniship.ma\/wp-content\/uploads\/2019\/07\/logo-uniship-png-1024x1024.png 1024w, http:\/\/uniship.ma\/wp-content\/uploads\/2019\/07\/logo-uniship-png.png 1080w\" sizes=\"(max-width: 300px) 100vw, 300px\" \/><\/p>\n","protected":false},"excerpt":{"rendered":"<p>Grace \u00e0 ses 25 ans d&rsquo;exp\u00e9rience, Uniship vous accompagne dans tous vos d\u00e9fis logistiques\u200b Nos services Consignation de navires Nous agissons en tant qu&rsquo;agent au port de Casablanca, Jorf Lasfar, Asfi, Tanger ainsi que la plupart des ports marocains Freight<\/p>\n","protected":false},"author":1,"featured_media":0,"parent":0,"menu_order":0,"comment_status":"closed","ping_status":"closed","template":"elementor_header_footer","meta":[],"_links":{"self":[{"href":"https:\/\/uniship.ma\/index.php\/wp-json\/wp\/v2\/pages\/20"}],"collection":[{"href":"https:\/\/uniship.ma\/index.php\/wp-json\/wp\/v2\/pages"}],"about":[{"href":"https:\/\/uniship.ma\/index.php\/wp-json\/wp\/v2\/types\/page"}],"author":[{"embeddable":true,"href":"https:\/\/uniship.ma\/index.php\/wp-json\/wp\/v2\/users\/1"}],"replies":[{"embeddable":true,"href":"https:\/\/uniship.ma\/index.php\/wp-json\/wp\/v2\/comments?post=20"}],"version-history":[{"count":15,"href":"https:\/\/uniship.ma\/index.php\/wp-json\/wp\/v2\/pages\/20\/revisions"}],"predecessor-version":[{"id":121,"href":"https:\/\/uniship.ma\/index.php\/wp-json\/wp\/v2\/pages\/20\/revisions\/121"}],"wp:attachment":[{"href":"https:\/\/uniship.ma\/index.php\/wp-json\/wp\/v2\/media?parent=20"}],"curies":[{"name":"wp","href":"https:\/\/api.w.org\/{rel}","templated":true}]}}